34. Let b be o(-12). Let m = 112 + b. Let z(c) = c**2 + 6*c - 2. What is z(m)?
-2
Let c(t) = -6*t**2 - 2*t - 6. Suppose 8*y = -2*y - 10. Let r(i) = i**2 + i + 1. Let m(v) = y*c(v) - 5*r(v). Give m(1).
-1
Let g(u) be the third derivative of u**8/6720 + u**7/420 - u**6/120 + u**5/12 + 5*u**4/6 + 24*u**2. Let p(m) be the second derivative of g(m). Calculate p(-7).
3
Let w(j) be the first derivative of 5 + 1/2*j**2 - 2*j. Suppose -2*f - 2*f - 15 = -3*z, -z + 16 = -5*f. Calculate w(z).
-1
Let v be 1/(-4) - 183/(-12). Let i = v + -12. Let w(b) = 6*b + 3. What is w(i)?
21
Suppose 9 = -6*h + 33. Suppose -9 = n + k, 0 = 5*n - k + h + 11. Let d(f) = -f**3 - 3*f**2 + 4*f - 2. Calculate d(n).
-2
Suppose 2*p + 8 = -t + 1, 3 = t. Let c(z) = z**3 + 7*z**2 + 4*z - 7. Determine c(p).
23
Let k(r) = -r - 3. Let d = 11 + -7. Suppose -d + 16 = 4*t. Suppose -4*f + 5 = -t*n + 2, -3*n + 5*f = 0. Give k(n).
2
Let h(g) = 0 - 1 + 1 + 12*g - g**2 - 2. Let u(q) = -q**2 + 13*q - 3. Let t(v) = 7*h(v) - 6*u(v). What is t(6)?
4
Let b be 1*(-12)/8*-2. Let v = b - -1. Let s = v + 0. Let m(u) = -u**3 + 5*u**2 - 3*u - 4. Give m(s).
0
Let p(b) = 2*b + 4. Let y(t) = -t + 3. Let w be y(-1). Suppose -3*k - 5*q + w = 0, -6*q = -2*k - 4*q + 8. Give p(k).
10
Suppose 2*u = 16*u + 14. Let c be 14 + -7 + (u - (1 - 1)). Let s(f) = -4*f + 9. What is s(c)?
-15
Suppose 2*s + 32 = -2*z, -2*z - 44 = s - 10. Let p = z - -20. Let g(y) be the third derivative of -y**5/60 - y**4/12 + y**3/3 - 4*y**2. Determine g(p).
-6
Let r = 138 - 149. Let d(m) = m**3 + 11*m**2 + 3*m + 14. Calculate d(r).
-19
Let q(y) = y**3 - 2*y**2 - 5. Let o be q(3). Let j(i) = i**3 - 3*i**2 - 4*i + 1. Give j(o).
1
Let v(x) = x**2 - 25*x + 145. Let r be v(12). Let g(w) = w + 2. Calculate g(r).
-9
Suppose -3*k + 10*k = -84. Let p be 680/240 - (1 + 14/k). Let g(x) = -x**2 - 3*x + 4. Determine g(p).
-14
Let b(o) = -o + 4. Suppose -3*w - 23 = -5*m, -2*m - 3*w + 10 = -5*w. Suppose 3*x - 4*x + 5*f + 14 = 0, f + 1 = 2*x. Let g = m - x. Determine b(g).
-1
Let j(m) be the third derivative of -m**7/2520 - m**6/144 + m**5/120 + 5*m**4/24 - 4*m**2. Let b(r) be the second derivative of j(r). Calculate b(-6).
-5
Let k(t) = -t + 6. Let c be k(0). Let g(i) = -19*i**2 - 5 - 5*i + 18*i**2 + 8*i + 2*i. What is g(c)?
-11
Let t(o) = -83*o + 7*o**2 + 83*o + o**2. Calculate t(-1).
8
Suppose 30 = -2*t + 7*t. Let j be (4/6)/(t/9). Let c(f) = 4*f**3 - 2*f**2 + 2*f - 1. Determine c(j).
3
Suppose 3*r = 7*r. Let t(x) = -x**3 - x**2 - 5*x - 8. Let g(u) = -u**2 + 3*u**3 - 2*u**3 + 6*u + 2*u**2 + 9. Let v(p) = 5*g(p) + 6*t(p). What is v(r)?
-3
Let m(r) be the first derivative of -r**4/4 + 8*r**3/3 - 6*r + 11. Determine m(8).
-6
Let x(r) be the first derivative of -r**4/4 + 3*r**3 - r - 1. Let u be ((-5)/(200/15))/(2/(-48)). Determine x(u).
-1
Let t = -16 + 17. Let m(k) = t + 4*k - 3*k + k**3 + 4*k**3. Give m(-1).
-5
Suppose -2*n = 2*n - 56. Let k = n + -17. Let c(f) = 2*f - 3. What is c(k)?
-9
Let u be (-1)/(-4) - 57/(-12). Let s(w) = 2*w**2 + w + 8. Let c(k) = -k**2 + k - 1. Let y(g) = 3*c(g) + s(g). Give y(u).
0
Let d(h) = -3*h - 12. Suppose 40 = -13*q - 64. Calculate d(q).
12
Let q(i) = -11*i - 1. Let a(f) = f**2 - 4*f - 9. Suppose 5*g - 19 = 1. Let u be a(g). Let s = -8 - u. What is q(s)?
-12
Let b = -66 - -69. Let f(a) = b*a + 1 + 4 - a**2 - 1 - 7. Calculate f(4).
-7
Let b(c) = 7*c - 10. Let n(v) = -7*v + 8. Let h(s) = 4*b(s) + 5*n(s). Give h(6).
-42
Suppose -4*j + 8 = 3*l, l - 5*j - 1 = 2*l. Let s(h) = -5*h + 33 + 29 - 93 + 37. Calculate s(l).
-14
Let q(w) = -w**3 - 6*w**2 - 6. Let f be (9/(-18) + (-1)/(-2))*-1. Suppose -x - 4*x - 30 = f. What is q(x)?
-6
Let l(h) = h**2 + 6*h + 3. Suppose -5 = u + i, 13 = -2*u - 4*i - 1. Give l(u).
-6
Let g be 2/(-4)*(-16 + 2). Let h(c) = -32*c**2 - 14*c + 34. Let k(w) = 7*w**2 + 4*w - 8. Let v(q) = -2*h(q) - 9*k(q). What is v(g)?
-3
Let q = 8 - 0. Let a(n) = n**3 - 7*n**2 - 10*n + 11. Determine a(q).
-5
Let c(o) = 14*o**3 + o**2 + 1. Let x(r) = -r**3 - r. Let b(h) = -c(h) + 2*x(h). Suppose -3*d = 2*d + 5. Determine b(d).
16
Let w(n) = 0*n + 21 - 72 + 24 + 9*n + 26. Calculate w(3).
26
Suppose -6*a = -0*a - 30. Suppose -a = o - 2*o. Let n(l) = l**2 - 4*l - 2. Determine n(o).
3
Let b(r) = 11*r**3 + 31*r**2 - 11*r + 29. Let n(k) = 4*k**3 + 11*k**2 - 4*k + 10. Let m(h) = -3*b(h) + 8*n(h). Calculate m(-5).
-12
Let z(w) = -22*w - 5. Let r(t) = 46*t + 8. Let h(s) = -3*r(s) - 5*z(s). Determine h(-1).
29
Suppose 5*a + 40 = 4*c, -c + 23 = -4*a + 2. Suppose 8 = -c*x + 58. Let q(w) = -w + 14. Calculate q(x).
4
Let z(a) = a**3 + 3*a + 2 + 2*a + 7*a**2 + 3*a. Suppose -72 = -19*l + 31*l. Give z(l).
-10
Let s(m) = -m**3 + 8*m**2 - 10*m + 10. Let j(t) = -9*t + 106. Let v be j(11). Calculate s(v).
-11
Let t(s) = -7*s**2. Let p = -5 - -6. Let j = 22 - 18. Let x be 2/j*2*p. Give t(x).
-7
Let c = 3 - 6. Let j = c + 7. Let q be (-15)/(-9)*12/j. Let w(z) = z**2 - 7*z + 7. What is w(q)?
-3
Let a(u) be the first derivative of u**4/12 - u**3/6 + 7*u**2/2 - 3*u - 10. Let h(r) be the first derivative of a(r). What is h(0)?
7
Let u(b) = b**3 - 33*b**2 - 3*b + 108. Let x be u(33). Let r(k) = -k + 14. Give r(x).
5
Let p = -789 + 797. Let d(k) = -k**2 + 4*k + 3. What is d(p)?
-29
Let s(h) = 90*h - 94*h - 5*h**2 - 5 - 65*h**3 + 64*h**3. Let y be (-1)/((-3)/(-36)*3). Calculate s(y).
-5
Let v(n) = 20*n**3 + 15*n**3 + 15*n**3 - 65*n**3 + 13*n**2 + 12*n + 16*n**3 - 12. Give v(-12).
-12
Suppose 0 = -4*m + 5*c - 40, 4*m + 4*c = 5*m - 1. Let l(o) = 2*o + 23. What is l(m)?
-7
Let b = 1237 + -1228. Let l(o) = o**2 - 12*o + 24. Calculate l(b).
-3
Let y(o) = -o**3 + o**2 - o - 2. Let r(h) = -h**3 - 5*h**2 - 5*h + 7. Let x be r(-3). Suppose 4*l - 7*l = x*l. What is y(l)?
-2
Let r(z) be the first derivative of -2*z + 11 + 1/2*z**2. Suppose -q + 6*q - 35 = 0. Calculate r(q).
5
Let a(h) = 3*h**2 - h - 4. Let l(d) = d**3 - 22*d**2 + 22*d - 19. Let x be l(21). Determine a(x).
6
Let b(a) = -4*a**3 - 2*a**2 + 1. Let o = -18 + 15. Let q = 6 + o. Let n be (6/18)/(1/q). Give b(n).
-5
Let n(w) = 6*w + 187. Let f be n(-31). Let p(u) = 35*u**2 - 1. What is p(f)?
34
Let x(q) be the third derivative of q**5/60 + q**4/2 - 13*q**3/6 + 15*q**2 - 4*q. What is x(-13)?
0
Let a(f) be the third derivative of f**4/8 + f**3 - f**2. Suppose -47*h + 45*h - 8 = 0. Give a(h).
-6
Suppose -s - 2*v = 2*s - 25, 4*v - 8 = 0. Let y(h) = -6*h + 4 - 3*h + s*h. What is y(-5)?
14
Let a = -2054 + 2063. Let x(b) = -b**3 + 11*b**2 - 21*b + 14. Calculate x(a).
-13
Let d(z) = -3*z - 10. Let w(p) = -11*p - 12. Let y(q) = -4*q - 4. Let g(m) = 3*w(m) - 8*y(m). Let k(a) = -3*d(a) + 8*g(a). Suppose b + 2 = 4. Determine k(b).
0
Suppose 2*a = -5*q + 29, 5*q - 2*a - 18 - 3 = 0. Let v(o) be the first derivative of -1/4*o**4 + q*o + 2*o**3 - o**2 - 12. Calculate v(6).
-7
Let x(n) = -6*n**3 + 7*n**2 + 8*n + 7. Let y(z) = 7*z**3 - 8*z**2 - 9*z - 8. Let t(h) = -6*x(h) - 5*y(h). Calculate t(3).
-2
Let s(r) = -7*r**2 + 7*r + 2. Let f(z) = z**2 - z - 1. Suppose 2 = -5*a + 7. Let p(y) = a*s(y) + 5*f(y). Determine p(3).
-15
Let v(m) = m - 4. Let k(f) = -8*f + 10. Let p(i) = -k(i) - 5*v(i). What is p(-6)?
-8
Let z = 85 - 90. Let v(n) = -5*n - 5. Determine v(z).
20
Suppose 13*r = 6*r + 35. Let t(j) = 5*j**2 - 3*j**2 - 1 + 2*j - r*j + 3. Calculate t(2).
4
Let d(b) = 6*b - 1. Let p(i) = 11*i + 14. Let t(h) = 2*d(h) - p(h). Determine t(9).
-7
Let k be ((-5)/2)/(175/(-840)). Let d(l) = -l**2 + 11*l + 15. Calculate d(k).
3
Let r(o) = -7*o + 25. Let t(i) = i - 6. Let l(d) = r(d) + 4*t(d). Give l(-4).
13
Let d(s) = 8*s**2 + 103*s - 8. Let r be d(-13). Let m(j) = -j**3 + 6*j**2 - 5*j + 1. Determine m(r).
1
Let p(m) = m**3 + 4*m**2 + 3*m + 4. Let n be p(-3). Suppose -o - n*o = -40. Let a(x) = 23*x + 13*x - x**2 - 30*x + 11. What is a(o)?
-5
Suppose -2*m = 3 + 9. Let q(p) = 1. Let v(w) = -w**3 - 7*w**2 - 6*w - 2. Let u(s) = -3*q(s) - v(s). Give u(m).
-1
Let m(q) = 243144 - 3*q - 243142 + 2*q. Suppose 0 = -2*d + 4*d - 8. Suppose -4 - 20 = d*a. What is m(a)?
8
Let n(k) = -1. Let t(a) = -4*a - 4. Let y(m) = -4*n(m) + t(m). Let u = -5 - -8. Suppose -2*f = -f - u. Give y(f).
-12
Let r(c) be the first derivative of 9 + 0*c**2 + 1/3*c**3 + c. Let s(z) = z**2 + 3*z + 1. Let o(p) = -r(p) - s(p). What is o(-3)?
-11
Let f be 13 + (-1 - 5) - 